te the highest common divisor of 5 and 80.
5
What is the greatest common divisor of 6 and 150?
6
Calculate the highest common factor of 40 and 1336.
8
What is the greatest common factor of 354 and 5133?
177
What is the greatest common divisor of 7 and 511?
7
Calculate the greatest common divisor of 444 and 2516.
148
Calculate the greatest common divisor of 832 and 192.
64
What is the highest common divisor of 12663 and 67?
67
Calculate the highest common factor of 506 and 2622.
46
What is the highest common divisor of 260 and 3055?
65
Calculate the highest common factor of 1298 and 44.
22
What is the greatest common divisor of 290 and 30?
10
What is the highest common factor of 17800 and 200?
200
What is the highest common factor of 189 and 7?
7
What is the highest common factor of 24 and 1464?
24
What is the highest common factor of 91 and 455?
91
What is the greatest common factor of 112 and 70?
14
What is the greatest common divisor of 19 and 437?
19
Calculate the highest common divisor of 469 and 49.
7
What is the highest common factor of 6960 and 1380?
60
Calculate the highest common divisor of 10 and 50.
10
Calculate the highest common divisor of 3913 and 728.
91
Calculate the highest common factor of 361 and 57.
19
Calculate the greatest common divisor of 598 and 414.
46
What is the highest common factor of 1188 and 300?
12
Calculate the greatest common divisor of 3472 and 124.
124
Calculate the greatest common divisor of 65 and 28535.
65
What is the greatest common factor of 12 and 78?
6
What is the greatest common factor of 1404 and 52?
52
What is the greatest common factor of 906 and 6?
6
What is the highest common divisor of 1484 and 56?
28
Calculate the greatest common divisor of 2743 and 1477.
211
Calculate the greatest common divisor of 705 and 135.
15
Calculate the greatest common factor of 27 and 1161.
27
What is the greatest common factor of 14 and 1316?
14
Calculate the highest common factor of 15715 and 70.
35
Calculate the highest common divisor of 71 and 3479.
71
What is the highest common factor of 32 and 608?
32
What is the greatest common factor of 3 and 73?
1
What is the greatest common divisor of 14 and 21?
7
Calculate the greatest common divisor of 23 and 3726.
23
Calculate the highest common factor of 160 and 768.
32
Calculate the greatest common factor of 75 and 42075.
75
What is the highest common factor of 28 and 1728?
4
What is the highest common divisor of 1728 and 18?
18
What is the greatest common factor of 265 and 53?
53
Calculate the greatest common divisor of 352 and 8.
8
Calculate the greatest common divisor of 189 and 630.
63
Calculate the highest common divisor of 184 and 104.
8
Calculate the highest common divisor of 6403 and 19.
19
What is the highest common divisor of 21 and 357?
21
What is the greatest common factor of 10 and 3610?
10
What is the greatest common divisor of 924 and 3762?
66
Calculate the greatest common factor of 296 and 16.
8
Calculate the highest common factor of 693 and 54.
9
What is the greatest common divisor of 405 and 1065?
15
Calculate the greatest common divisor of 306 and 1326.
102
What is the highest common divisor of 225 and 175?
25
Calculate the greatest common factor of 30895 and 167.
167
Calculate the greatest common divisor of 14 and 1260.
14
Calculate the highest common divisor of 4588 and 16.
4
Calculate the highest common factor of 60 and 44190.
30
Calculate the greatest common divisor of 144 and 4572.
36
What is the greatest common divisor of 61 and 4819?
61
What is the greatest common divisor of 637 and 147?
49
Calculate the highest common divisor of 52 and 182.
26
Calculate the highest common factor of 168 and 54.
6
Calculate the highest common divisor of 210 and 168.
42
Calculate the highest common divisor of 4233 and 102.
51
Calculate the highest common factor of 12 and 33.
3
What is the highest common divisor of 22 and 3454?
22
Calculate the greatest common factor of 228 and 24.
12
What is the highest common factor of 10 and 21890?
10
Calculate the highest common factor of 1 and 179.
1
Calculate the greatest common divisor of 38 and 76.
38
Calculate the highest common factor of 14 and 280.
14
What is the highest common divisor of 13661 and 19?
19
Calculate the highest common divisor of 12 and 24.
12
Calculate the greatest common factor of 4774 and 88.
22
What is the greatest common factor of 67662 and 27?
27
What is the greatest common factor of 5184 and 2112?
192
Calculate the greatest common factor of 731 and 1161.
43
What is the greatest common divisor of 100 and 140?
20
Calculate the highest common divisor of 140 and 1155.
35
Calculate the highest common factor of 945 and 70.
35
Calculate the greatest common divisor of 2513 and 77.
7
What is the greatest common divisor of 39 and 1508?
13
What is the greatest common divisor of 35 and 63?
7
Calculate the greatest common factor of 969 and 38.
19
Calculate the highest common factor of 16 and 784.
16
Calculate the highest common divisor of 186 and 2325.
93
Calculate the highest common factor of 2952 and 162.
18
What is the greatest common factor of 38 and 418?
38
What is the highest common factor of 5713 and 145?
29
Calculate the greatest common divisor of 574 and 98.
14
Calculate the highest common divisor of 58 and 23.
1
What is the greatest common factor of 104 and 39?
13
Calculate the greatest common factor of 210 and 10.
10
Calculate the highest common factor of 5976 and 72.
72
Calculate the greatest common divisor of 215 and 10.
5
Calculate the greatest common divisor of 89 and 5429.
89
What is the highest common factor of 12 and 1152?
12
What is the highest common factor of 164 and 1189?
41
Calculate the greatest common divisor of 14 and 1414.
14
Calculate the greatest common divisor of 672 and 1134.
42
What is the greatest common divisor of 51 and 33?
3
Calculate the highest common factor of 6 and 34.
2
Calculate the highest common factor of 4 and 146.
2
Calculate the greatest common divisor of 252 and 2394.
126
What is the highest common divisor of 4025 and 350?
175
Calculate the highest common factor of 67 and 11524.
67
What is the greatest common divisor of 13 and 1261?
13
Calculate the highest common divisor of 35 and 35.
35
What is the highest common divisor of 54 and 24?
6
Calculate the highest common factor of 3042 and 1287.
117
What is the highest common factor of 65 and 4615?
65
What is the greatest common divisor of 54910 and 190?
190
What is the greatest common divisor of 47 and 47?
47
What is the greatest common divisor of 672 and 72?
24
Calculate the greatest common divisor of 13 and 611.
13
Calculate the highest common divisor of 10388 and 212.
212
What is the highest common factor of 17 and 68?
17
Calculate the greatest common factor of 1280 and 65.
5
Calculate the greatest common divisor of 2448 and 459.
153
Calculate the greatest common factor of 876 and 516.
12
Calculate the highest common factor of 8588 and 380.
76
Calculate the highest common factor of 54 and 12.
6
Calculate the highest common factor of 253 and 44.
11
What is the highest common factor of 297 and 165?
33
What is the highest common factor of 144 and 531?
9
What is the greatest common divisor of 195 and 47385?
195
Calculate the highest common divisor of 1659 and 525.
21
What is the greatest common factor of 1080 and 24?
24
What is the greatest common divisor of 18 and 738?
18
What is the greatest common factor of 1651 and 13?
13
Calculate the greatest common factor of 12 and 6.
6
What is the highest common factor of 105 and 60?
15
What is the highest common factor of 405 and 5?
5
What is the highest common divisor of 36 and 1503?
9
Calculate the greatest common factor of 1566 and 162.
54
Calculate the greatest common divisor of 8 and 668.
4
Calculate the greatest common factor of 2484 and 161.
23
Calculate the greatest common factor of 3266 and 46.
46
What is the greatest common factor of 42 and 266?
14
Calculate the highest common divisor of 649 and 11.
11
What is the highest common factor of 56 and 32?
8
What is the highest common divisor of 22 and 110?
22
What is the highest common factor of 1098 and 324?
18
Calculate the highest common divisor of 891 and 54.
27
Calculate the greatest common factor of 143 and 1